 divisor of 21 and 35.
7
Calculate the greatest common factor of 65 and 45.
5
What is the highest common factor of 1012 and 92?
92
What is the highest common divisor of 88 and 56?
8
What is the highest common divisor of 520 and 65?
65
Calculate the highest common factor of 46 and 299.
23
What is the highest common divisor of 768 and 2784?
96
What is the greatest common divisor of 2124 and 144?
36
What is the highest common divisor of 2831 and 149?
149
What is the highest common divisor of 57 and 741?
57
What is the highest common factor of 1404 and 72?
36
Calculate the greatest common factor of 2320 and 29.
29
What is the highest common divisor of 703 and 76?
19
Calculate the greatest common divisor of 101 and 4343.
101
Calculate the highest common factor of 416 and 338.
26
What is the highest common factor of 85 and 1241?
17
What is the greatest common divisor of 205 and 1599?
41
Calculate the highest common factor of 999 and 135.
27
What is the highest common factor of 6664 and 136?
136
Calculate the greatest common divisor of 264 and 198.
66
What is the highest common divisor of 1080 and 80?
40
What is the highest common factor of 1152 and 32?
32
What is the greatest common divisor of 2008 and 3263?
251
Calculate the highest common divisor of 288 and 810.
18
Calculate the highest common divisor of 492 and 12.
12
Calculate the highest common factor of 300 and 1050.
150
What is the highest common factor of 180 and 84?
12
Calculate the greatest common divisor of 152 and 40.
8
What is the highest common factor of 32 and 80?
16
Calculate the highest common factor of 36 and 352.
4
What is the greatest common factor of 4930 and 680?
170
What is the greatest common divisor of 28 and 100?
4
Calculate the highest common divisor of 31 and 7471.
31
What is the highest common divisor of 428 and 2461?
107
What is the greatest common factor of 27 and 81?
27
What is the greatest common factor of 540 and 80?
20
What is the highest common divisor of 71 and 71?
71
Calculate the highest common factor of 284 and 4.
4
What is the highest common divisor of 42 and 392?
14
What is the highest common factor of 1648 and 927?
103
Calculate the highest common factor of 1147 and 370.
37
Calculate the greatest common factor of 66 and 231.
33
What is the greatest common factor of 9162 and 126?
18
Calculate the greatest common divisor of 737 and 1793.
11
What is the highest common factor of 3888 and 9?
9
What is the highest common factor of 55 and 495?
55
What is the greatest common factor of 28 and 164?
4
What is the highest common divisor of 5977 and 86?
43
Calculate the greatest common factor of 2907 and 459.
153
Calculate the greatest common divisor of 11 and 671.
11
Calculate the greatest common divisor of 213 and 923.
71
What is the highest common divisor of 135 and 189?
27
Calculate the highest common divisor of 45689 and 7.
7
What is the greatest common divisor of 38 and 8?
2
What is the highest common divisor of 228 and 2432?
76
What is the greatest common divisor of 81 and 675?
27
Calculate the highest common factor of 38 and 1444.
38
What is the highest common divisor of 1562 and 44?
22
Calculate the highest common factor of 1694 and 21.
7
Calculate the highest common divisor of 1737 and 36.
9
Calculate the highest common factor of 243 and 783.
27
Calculate the highest common factor of 11 and 1397.
11
Calculate the greatest common factor of 84 and 924.
84
What is the greatest common factor of 22652 and 14?
14
Calculate the highest common factor of 96 and 672.
96
Calculate the greatest common factor of 1043 and 7.
7
What is the greatest common divisor of 81 and 18?
9
Calculate the greatest common divisor of 21 and 1533.
21
Calculate the greatest common divisor of 752 and 47.
47
What is the highest common divisor of 182 and 52?
26
What is the highest common factor of 855 and 1275?
15
Calculate the highest common divisor of 32 and 22.
2
What is the highest common divisor of 986 and 116?
58
Calculate the highest common divisor of 770 and 19030.
110
Calculate the greatest common factor of 1911 and 84.
21
Calculate the highest common divisor of 102 and 3298.
34
What is the greatest common divisor of 88344 and 216?
216
Calculate the highest common factor of 2368 and 37.
37
What is the highest common divisor of 84768 and 96?
96
Calculate the highest common divisor of 301 and 91.
7
What is the greatest common factor of 366 and 6?
6
Calculate the highest common factor of 10 and 3590.
10
What is the highest common divisor of 225 and 6975?
225
Calculate the highest common factor of 588 and 204.
12
What is the greatest common divisor of 260 and 120?
20
Calculate the highest common factor of 138 and 184.
46
What is the greatest common divisor of 6156 and 152?
76
What is the greatest common divisor of 60 and 15?
15
Calculate the highest common divisor of 2835 and 525.
105
What is the highest common divisor of 180 and 5796?
36
What is the greatest common divisor of 135 and 205?
5
What is the highest common divisor of 276 and 11293?
23
Calculate the greatest common factor of 140 and 1876.
28
What is the greatest common factor of 21 and 24423?
21
Calculate the greatest common divisor of 585 and 234.
117
Calculate the highest common factor of 384 and 480.
96
What is the highest common factor of 676 and 14534?
338
Calculate the greatest common factor of 20 and 580.
20
Calculate the greatest common divisor of 272 and 72.
8
What is the highest common divisor of 488 and 16?
8
What is the greatest common divisor of 3102 and 132?
66
Calculate the greatest common divisor of 370 and 14.
2
Calculate the greatest common divisor of 715 and 520.
65
What is the highest common divisor of 1610 and 2030?
70
Calculate the highest common factor of 4876 and 159.
53
Calculate the greatest common divisor of 190 and 2565.
95
Calculate the greatest common divisor of 713 and 744.
31
Calculate the highest common factor of 973 and 5699.
139
What is the highest common divisor of 30 and 215?
5
Calculate the greatest common divisor of 11 and 77.
11
What is the greatest common factor of 3 and 825?
3
What is the greatest common factor of 4 and 284?
4
What is the greatest common divisor of 11684 and 184?
92
What is the greatest common factor of 1007 and 76?
19
Calculate the highest common divisor of 41 and 779.
41
Calculate the greatest common divisor of 84 and 300.
12
What is the greatest common factor of 15 and 285?
15
Calculate the highest common factor of 208 and 6994.
26
What is the greatest common factor of 45 and 3495?
15
What is the greatest common divisor of 4053 and 63?
21
Calculate the highest common divisor of 6347 and 11.
11
Calculate the greatest common factor of 240 and 160.
80
What is the greatest common factor of 76 and 304?
76
What is the greatest common factor of 470 and 60?
10
What is the greatest common factor of 1 and 17?
1
What is the greatest common divisor of 4592 and 154?
14
What is the highest common factor of 72 and 39?
3
What is the greatest common divisor of 2726 and 58?
58
What is the highest common divisor of 92 and 4?
4
What is the highest common divisor of 16 and 432?
16
What is the highest common factor of 763 and 1417?
109
Calculate the highest common factor of 800 and 50.
50
Calculate the highest common divisor of 76 and 513.
19
Calculate the greatest common factor of 20 and 500.
20
Calculate the highest common divisor of 215 and 1763.
43
Calculate the greatest common divisor of 22 and 1661.
11
What is the highest common divisor of 81 and 351?
27
Calculate the greatest common factor of 484 and 44.
44
Calculate the greatest common factor of 184 and 23.
23
What is the highest common factor of 1740 and 405?
15
What is the greatest common factor of 135 and 1935?
45
Calculate the greatest common divisor of 4431 and 21.
21
What is the greatest common divisor of 12 and 88?
4
Calculate the highest common divisor of 4485 and 15.
15
What is the greatest common factor of 39 and 61?
1
What is the highest common divisor of 72 and 168?
24
What is the highest common divisor of 18 and 88?
2
What is the highest common factor of 45 and 6714?
9
What is the greatest common divisor of 220 and 66?
22
Calculate the greatest common factor of 1794 and 65.
13
Calculate the highest common factor o